9. Let l = -12 + h. What is the remainder when 34 is divided by l?
15
Let l(b) = b**3 + 12*b**2 + 2*b + 8. Let u be l(-12). Let h be (1/1*u)/1. Calculate the remainder when 129 is divided by 4/(h/12) - -36.
30
Suppose 2*j + 0*j = z - 3, -2*j = -2*z - 2. What is the remainder when 21 is divided by -2 - 8*z/((-40)/(-6))?
1
Suppose 52*h - 160 = 724. What is the remainder when 88 is divided by h?
3
Let w(h) = -24*h**3 - 2*h**2 + 13*h + 26. What is the remainder when w(-4) is divided by 51?
50
Suppose 5*v - k - 142 = 0, 86 = 7*v - 4*v - k. Calculate the remainder when 262 is divided by v.
10
Let k = -2041 - -2179. Calculate the remainder when k is divided by 16.
10
Let u = 538 - 525. Calculate the remainder when u is divided by 6.
1
Let a be (72/(-32))/(3/8). Let m be 2/a*(9 - 51). Calculate the remainder when 4 is divided by ((-12)/m)/(18/(-63)).
1
Let c be ((-6)/(-15) + 4/(-10))/(-2). Suppose c = 4*o - 7 - 49. What is the remainder when 39 is divided by o?
11
Calculate the remainder when 94 is divided by 44/8*4 + 2.
22
Suppose 0 = 21*r - 2 - 355. Suppose -37 = -4*c - 3*p, 2*p + 0*p + 12 = c. What is the remainder when r is divided by c?
7
What is the remainder when 166 is divided by (43 - 6 - -3) + -5?
26
Let r = -18467 - -18494. Calculate the remainder when r is divided by -1*1*(0 + -12).
3
Let k(m) = -48*m - 6. What is the remainder when k(-5) is divided by (-582)/(-12) + (-66)/44?
46
Let r = 24 - 20. Suppose -2*m + m = r. Let w(s) = -s**2 - 8*s - 7. Calculate the remainder when 16 is divided by w(m).
7
Let t be ((-236)/(-6))/((12/9)/2). Suppose -3*f + 91 = -t. Calculate the remainder when f is divided by 18.
14
Suppose -3 + 37 = 2*s. What is the remainder when 40 is divided by s?
6
Let x(r) = r**2 - 16*r - 12. Suppose -4*u + 44 = 3*l, -4*l + 63 = -3*u - 29. What is the remainder when x(l) is divided by 23?
22
Let s = 162 - 0. Suppose 0 = 5*h - s - 583. Calculate the remainder when h is divided by 38.
35
Let t(z) = z**2 - 4*z + 1. Let h be t(5). Let y be (-74)/(-9) - h/27. What is the remainder when (y/(-12))/((-6)/99) is divided by 7?
4
Suppose -4*s = -35 - 9. Suppose 4*z - 281 = -5*j, 4*j + z = 5*j - 49. Calculate the remainder when j is divided by s.
9
Suppose 6*q = -2*p + 2*q, 0 = -4*p - 2*q - 6. Let l(y) = 2*y**2 + 0 - 4*y + 0*y - 3 - 3*y**3 + 2*y. What is the remainder when l(p) is divided by 17?
16
Suppose y + 475 = 5*c, -4*y = -7*c + 6*c + 95. What is the remainder when c is divided by 48?
47
Let w(k) = 6*k - 2. Suppose -36 = -2*z - z. Calculate the remainder when w(6) is divided by z.
10
Suppose 3 = 3*y - 18. Let i = -126 - -178. Let q = i - 49. Calculate the remainder when y is divided by q.
1
Suppose -2*s + 3*k = 24 - 148, -2*k - 62 = -s. Suppose -v + s = -0*v. What is the remainder when v is divided by 22?
18
Let w(o) = o**3 - 4*o**2 + 3*o + 4. Let r be 10/35 + (-4)/14. Suppose r = 5*q - q - 16. Calculate the remainder when 28 is divided by w(q).
12
Let i(h) = -h**3 - 18*h**2 - 18*h - 18. Let j(r) = -r**3 - 19*r**2 - 17*r - 17. Let s(m) = 3*i(m) - 2*j(m). What is the remainder when 106 is divided by s(-15)?
51
Let l(i) = 14*i**2 + i - 1. Let q be l(1). Let s = 147 - 88. Calculate the remainder when s is divided by 12*(q/6 + -1).
11
Let y(j) = j**2 - 13*j + 13. Let x be (-205)/(-25) - 8/(-10). Suppose -x = -2*s - s. What is the remainder when s is divided by y(12)?
0
Let g(h) = -h**3 + h**2 - h + 6. Let n be g(0). Suppose -n*d = -3*d + 42. What is the remainder when (-4)/d - (-1800)/21 is divided by 22?
20
Suppose 9*q = -13*q + 3938. What is the remainder when q is divided by 19?
8
Let o = 191 - 171. What is the remainder when 32 is divided by o?
12
Let l = 18 + -7. Suppose -2*y + 24 = q, 4*y = -0*y + 16. What is the remainder when 504/l - 16/(-88) is divided by q?
14
Suppose -68 = 18*m - 35*m. What is the remainder when 121 is divided by m?
1
Suppose -2*t + 222 = t. Let a = -64 + t. What is the remainder when a is divided by 7?
3
Let b(n) = -2*n - 7*n + n**3 - 3 - 7*n**2 + 9*n**2 - 5*n**2. Calculate the remainder when b(5) is divided by 1.
0
Let d = 10 + -16. Let v be ((-9)/d)/((-8)/16). What is the remainder when 5 is divided by (v/(-9))/((-6)/(-54))?
2
Let h(t) be the second derivative of t**5/20 - t**4/2 + 4*t**3/3 - 7*t**2/2 + t. Let w be h(6). Let u = w - 23. What is the remainder when 34 is divided by u?
16
Calculate the remainder when 32/(-10)*(-17 + -4 + 11) is divided by 21.
11
Let l = 947 + -939. What is the remainder when l is divided by 2?
0
Let v be 1*(3 + (-1)/1). Suppose 3*j - v*b + 14 = 2*b, 0 = -4*j + 4*b - 12. Let l = j - -3. What is the remainder when l is divided by 2?
1
Suppose 22 = 6*t - 2*t - 3*r, -4*t = 5*r - 6. Suppose 39 - 19 = t*v. Suppose -4*l = 18 - 46. What is the remainder when l is divided by v?
2
Suppose -5*i + 149 = 4*z, 5*i + 3 - 150 = -2*z. Let f(w) = -w**2 + 8. Let x be f(0). Let c = x + 0. Calculate the remainder when i is divided by c.
5
Let d = 1 + 0. What is the remainder when (3 - (-264)/4) + d is divided by 24?
22
Suppose -4*r + 3*n + 402 = -0, -5*r + 5*n + 505 = 0. What is the remainder when 791 is divided by r?
98
Suppose -183 = -9*k - 48. Calculate the remainder when k is divided by 3.
0
Let v(a) = -a**2 - 4*a + 7. Let o be v(-5). Suppose -o + 8 = q. Let k = -40 + 57. What is the remainder when k is divided by q?
5
Let l(s) = -2*s**2 - 30*s + 37. Calculate the remainder when 174 is divided by l(-13).
85
Suppose 6*j - 325 + 79 = 0. What is the remainder when 145 is divided by j?
22
Calculate the remainder when (7218/6)/3 + 3 is divided by 27.
26
Let m = -37 + 62. Calculate the remainder when 46 is divided by m.
21
Suppose 147 = 27*g - 609. What is the remainder when g is divided by 13?
2
What is the remainder when 2/(-10) + 4236/30 is divided by 24?
21
Let d(q) = 46*q**2 - q. What is the remainder when d(1) is divided by (1 - 11)*(-60)/75?
5
What is the remainder when 74 is divided by (525/49 + -5)/(4/42)?
14
Let p(k) = -k**2 + 10*k - 4. Let q be p(11). Let t = q - -53. What is the remainder when t is divided by 10?
8
Let b be ((-8)/(-4) + -1)*4. Let r be (-2)/8 + (-14)/8. What is the remainder when 22 is divided by 10*1 + r + b?
10
Suppose 0 = 2*k - 6*k + 68. Suppose 0 = 4*v - 4*o - 36, v + 9 = -5*o - 0*o. What is the remainder when k is divided by v?
5
Let c(d) = 2*d**2 - 9*d + 27. What is the remainder when 43 is divided by c(4)?
20
Suppose -15 = -a - 3*v, 3*v + 17 - 2 = a. Suppose -2*t = -y - 289, 2*t - y = -3*y + 298. Let s = t + -88. What is the remainder when s is divided by a?
13
Suppose 0 = -6*v - 12*v + 234. Calculate the remainder when 50 is divided by v.
11
Suppose -6*f + 188 = -22. What is the remainder when f is divided by 20?
15
What is the remainder when 2 - -46 - 9 - (2 + -9) is divided by 27?
19
Suppose 32*w - 156 = 28*w - 5*o, -5*w - 4*o = -195. Calculate the remainder when 122 is divided by w.
5
Let s = -10 + 12. Suppose 3*d - 4*g - 24 = -g, -2*d + 4 = s*g. Suppose 4*r = d*i + 49, 18 = 3*r + 2*i - 13. What is the remainder when 30 is divided by r?
8
What is the remainder when 183 is divided by (-4576)/(-128) + 10/8?
35
Suppose -4*h = 4*o + 128, -h - 2*o - 11 - 21 = 0. Let w = -11 - h. Let f = w + -13. Calculate the remainder when f is divided by 5.
3
Let d be 8/(-6)*(-7 + 1). Let b be 6/d - (-65)/4. Let g = 25 - b. Calculate the remainder when 31 is divided by g.
7
Let j = -25 + 35. Suppose 2*m = 10 + 2. What is the remainder when -12*1/(-2)*m is divided by j?
6
Suppose -3*k + 67 = 16. Let p be (-5 + 2)/((-6)/4). Suppose 0 = p*n - 3*d - 61, 0*d - 99 = -3*n - 3*d. Calculate the remainder when n is divided by k.
15
Let j be 22*1 - (1 + 3). Suppose 0 = 4*w - j + 6. Suppose 0 = -w*z + 6*i - 3*i, -z = 5*i - 18. Calculate the remainder when 10 is divided by z.
1
Suppose -715 = -60*q + 305. Let n(m) = m**2 - 7*m + 2. Calculate the remainder when q is divided by n(7).
1
Suppose -24*k + 3968 = 38*k. Calculate the remainder when k is divided by 17.
13
Let r(q) = q**2 + 7*q + 2. Suppose 3*x - 32 = 7*x. Let d = 6 + 11. What is the remainder when d is divided by r(x)?
7
Let f = 55 - 17. Suppose 0 = 4*c + c - 185. Calculate the remainder when c is divided by (f/6)/((-4)/(-12)).
18
What is the remainder when 1024 is divided by (-172 + 1)/(135/(-10) + 12)?
112
Suppose -6*j + 103 